{"id":597,"date":"2014-11-11T11:09:47","date_gmt":"2014-11-11T11:09:47","guid":{"rendered":"http:\/\/anpsthemes.com\/constructo\/?page_id=5"},"modified":"2016-02-05T00:46:00","modified_gmt":"2016-02-05T02:46:00","slug":"home","status":"publish","type":"page","link":"https:\/\/www.contab.com.br\/sis\/","title":{"rendered":"Home"},"content":{"rendered":"<p>[vc_row has_content=&#8221;true&#8221;][vc_column][rev_slider_vc alias=&#8221;main-slider&#8221;][\/vc_column][\/vc_row][vc_row css=&#8221;.vc_custom_1437389847662{margin-bottom: 80px !important;padding-top: 40px !important;}&#8221; has_content=&#8221;true&#8221;][vc_column width=&#8221;1\/3&#8243;][vc_empty_space height=&#8221;25px&#8221;]<div class=\"icon style-2 icon-left\">\n                    <a href=\"#\" target=\"_self\">\n                        <span class=\"fa fa-globe\" style='color: #26507a;'><\/span>\n                        <h2>Porque a Contab?<\/h2>\n                        <h3 class=\"style-2\">Servi\u00e7o de excel\u00eancia para empresas e investidores.<\/h3>    \n                    <\/a>\n                    <p>Mais de 50 anos de hist\u00f3ria, oferecendo um servi\u00e7os de qualidade e seriedade em gest\u00e3o cont\u00e1bil, pessoal, tribut\u00e1ria e empresarial.<\/p>\n                <\/div>[vc_empty_space height=&#8221;40px&#8221;]<div class=\"icon style-2 icon-left\">\n                    <a href=\"#\" target=\"_self\">\n                        <span class=\"fa fa-thumbs-o-up\" style='color: #26507a;'><\/span>\n                        <h2>Legaliza\u00e7\u00e3o de Empresas<\/h2>\n                        <h3 class=\"style-2\">Ajudamos voc\u00ea a dar os primeiros passos<\/h3>    \n                    <\/a>\n                    <p>A Contab conta com uma equipe de profissionais com mais de 50 anos de experi\u00eancia em legaliza\u00e7\u00e3o de empresas. Conseguimos otimizar o custo e o prazo para a abertura do seu neg\u00f3cio, atrav\u00e9s de um trabalho realizado com conhecimento, efici\u00eancia e agilidade.<\/p>\n                <\/div>[vc_empty_space height=&#8221;40px&#8221;][\/vc_column][vc_column width=&#8221;1\/3&#8243;][vc_empty_space height=&#8221;25px&#8221;]<div class=\"icon style-2 icon-left\">\n                    <a href=\"#\" target=\"_self\">\n                        <span class=\"fa fa-archive\" style='color: #26507a;'><\/span>\n                        <h2>Contabilidade<\/h2>\n                        <h3 class=\"style-2\">Ganhe tempo e ponha o foco onde precisa<\/h3>    \n                    <\/a>\n                    <p>An\u00e1lise e controle mensal da movimenta\u00e7\u00e3o cont\u00e1bil . Assessoria Fiscal e Tribut\u00e1ria. Elabora\u00e7\u00e3o de planos de contas da sua empresa.<\/p>\n                <\/div>[vc_empty_space height=&#8221;40px&#8221;]<div class=\"icon style-2 icon-left\">\n                    <a href=\"#\" target=\"_self\">\n                        <span class=\"fa fa-user\" style='color: #26507a;'><\/span>\n                        <h2>Departamento Pessoal<\/h2>\n                        <h3 class=\"style-2\">Suporte completo e atualizado \u00e0 sua empresa.<\/h3>    \n                    <\/a>\n                    <p>Folha de Pagamento, elabora\u00e7\u00e3o do quadro de hor\u00e1rios, emiss\u00e3o dos impostos incidentes sobre a folha de pagamento e todo o apoio que necessita para gerir o seu RH.<\/p>\n                <\/div>[vc_empty_space height=&#8221;40px&#8221;][\/vc_column][vc_column width=&#8221;1\/3&#8243; el_class=&#8221;on-top get-a-quote&#8221;][vc_column_text]<\/p>\n<h4 style=\"text-align: center;\">PE\u00c7A-NOS UM OR\u00c7AMENTO SEM COMPROMISSO<\/h4>\n<p>[\/vc_column_text][vc_empty_space height=&#8221;15px&#8221;]\n<div class=\"wpcf7 no-js\" id=\"wpcf7-f1689-o1\" lang=\"en-US\" dir=\"ltr\" data-wpcf7-id=\"1689\">\n<div class=\"screen-reader-response\"><p role=\"status\" aria-live=\"polite\" aria-atomic=\"true\"><\/p> <ul><\/ul><\/div>\n<form action=\"\/sis\/wp-json\/wp\/v2\/pages\/597#wpcf7-f1689-o1\" method=\"post\" class=\"wpcf7-form init\" aria-label=\"Contact form\" novalidate=\"novalidate\" data-status=\"init\">\n<fieldset class=\"hidden-fields-container\"><input type=\"hidden\" name=\"_wpcf7\" value=\"1689\" \/><input type=\"hidden\" name=\"_wpcf7_version\" value=\"6.1.5\" \/><input type=\"hidden\" name=\"_wpcf7_locale\" value=\"en_US\" \/><input type=\"hidden\" name=\"_wpcf7_unit_tag\" value=\"wpcf7-f1689-o1\" \/><input type=\"hidden\" name=\"_wpcf7_container_post\" value=\"0\" \/><input type=\"hidden\" name=\"_wpcf7_posted_data_hash\" value=\"\" \/><input type=\"hidden\" name=\"_wpcf7_recaptcha_response\" value=\"\" \/>\n<\/fieldset>\n<div class=\"col-md-12 form-wrap get-a-quote\">\n\t<div>\n\t\t<p><span class=\"wpcf7-form-control-wrap\" data-name=\"text-931\"><input size=\"40\" maxlength=\"400\" class=\"wpcf7-form-control wpcf7-text wpcf7-validates-as-required\" aria-required=\"true\" aria-invalid=\"false\" placeholder=\"Nome \/ Empresa\" value=\"\" type=\"text\" name=\"text-931\" \/><\/span>\n\t\t<\/p>\n\t<\/div>\n\t<div>\n\t\t<p><span class=\"wpcf7-form-control-wrap\" data-name=\"email-859\"><input size=\"40\" maxlength=\"400\" class=\"wpcf7-form-control wpcf7-email wpcf7-validates-as-required wpcf7-text wpcf7-validates-as-email\" aria-required=\"true\" aria-invalid=\"false\" placeholder=\"E-mail\" value=\"\" type=\"email\" name=\"email-859\" \/><\/span>\n\t\t<\/p>\n\t<\/div>\n\t<div>\n\t\t<p><span class=\"wpcf7-form-control-wrap\" data-name=\"tel-823\"><input size=\"40\" maxlength=\"400\" class=\"wpcf7-form-control wpcf7-tel wpcf7-validates-as-required wpcf7-text wpcf7-validates-as-tel\" aria-required=\"true\" aria-invalid=\"false\" placeholder=\"Telefone\" value=\"\" type=\"tel\" name=\"tel-823\" \/><\/span>\n\t\t<\/p>\n\t<\/div>\n\t<div>\n\t\t<p><input class=\"wpcf7-form-control wpcf7-submit has-spinner get-quote\" type=\"submit\" value=\"Pedir Or\u00e7amento\" \/>\n\t\t<\/p>\n\t<\/div>\n<\/div><div class=\"wpcf7-response-output\" aria-hidden=\"true\"><\/div>\n<\/form>\n<\/div>\n[\/vc_column][\/vc_row][vc_row full_width=&#8221;stretch_row&#8221; has_content=&#8221;inside&#8221; css=&#8221;.vc_custom_1454000452490{padding-top: 80px !important;padding-bottom: 80px !important;background-image: url(https:\/\/www.contab.com.br\/sis\/wp-content\/uploads\/2014\/11\/Home-imgbottom-1.jpg?id=1611) !important;background-position: center !important;background-repeat: no-repeat !important;background-size: cover !important;}&#8221;][vc_column][vc_column_text]<\/p>\n<h1 style=\"text-align: left;\"><span style=\"color: #000000;\">Com a CONTAB sua empresa\u00a0tem\u00a0uma assessoria cont\u00e1bil especializada.<\/span><\/h1>\n<h4>Todos os processos de sua empresa ser\u00e3o supervisionados de forma 100% profissional e especializada.<\/h4>\n<p>[\/vc_column_text][vc_empty_space height=&#8221;15px&#8221;]<button target=\"_self\" class=\"btn btn-md style-1\" id=\"custom-id-0\" style=\"\">fale conosco<\/button>[\/vc_column][\/vc_row][vc_row full_width=&#8221;stretch_row_content&#8221; has_content=&#8221;false&#8221; el_class=&#8221;double-column&#8221; css=&#8221;.vc_custom_1437389476514{margin-top: -40px !important;}&#8221;][vc_column width=&#8221;1\/2&#8243; css=&#8221;.vc_custom_1431513909673{background-image: url(https:\/\/www.contab.com.br\/sis\/wp-content\/uploads\/2014\/12\/statement311.jpg?id=1455) !important;background-position: center !important;background-repeat: no-repeat !important;background-size: cover !important;}&#8221;][\/vc_column][vc_column width=&#8221;1\/2&#8243; css=&#8221;.vc_custom_1431513887962{background-image: url(https:\/\/www.contab.com.br\/sis\/wp-content\/uploads\/2014\/12\/statement-right11.jpg?id=1452) !important;background-position: center !important;background-repeat: no-repeat !important;background-size: cover !important;}&#8221;][\/vc_column][\/vc_row][vc_row has_content=&#8221;true&#8221; css=&#8221;.vc_custom_1437389694189{padding-top: 40px !important;}&#8221;][vc_column width=&#8221;1\/2&#8243;][vc_empty_space height=&#8221;10px&#8221;]<h4 class='heading ' ><span>CLIENTES QUE CONFIAM EM N\u00d3S<\/span><\/h4><div id='a651515' class='carousel testimonials slide' data-ride='carousel'><div class=\"carousel-inner\"><blockquote class='item active'><p>O profissionalismo e o tempo de resposta me deixaram sem palavras. Finalmente eu sou capaz de me concentrar no que realmente importa, o meu trabalho.<\/p><cite><div class='testimonial-footer'><img src='https:\/\/www.contab.com.br\/sis\/wp-content\/uploads\/2014\/11\/testemunhos-01.jpg' ><span class='user'>Ricardo Novaes, CEO\/ Visar<\/span><\/div><\/cite><\/blockquote><blockquote class='item'><p>Tradi\u00e7\u00e3o, seriedade, compet\u00eancia e amor no que fazem. Conhe\u00e7o h\u00e1 mais de 50 anos. Tudo de bom.<\/p><cite><div class='testimonial-footer'><img src='https:\/\/www.contab.com.br\/sis\/wp-content\/uploads\/2014\/11\/testemunhos-02.jpg' ><span class='user'>Pedro Rachid<\/span><\/div><\/cite><\/blockquote><\/div><a class=\"left carousel-control\" href=\"#a651515\" data-slide=\"prev\"><span class=\"fa fa-chevron-left\"><\/span><\/a><a class=\"right carousel-control\" href=\"#a651515\" data-slide=\"next\"><span class=\"fa fa-chevron-right\"><\/span><\/a><\/div>[\/vc_column][\/vc_row]<\/p>\n","protected":false},"excerpt":{"rendered":"<p>[vc_row has_content=&#8221;true&#8221;][vc_column][rev_slider_vc alias=&#8221;main-slider&#8221;][\/vc_column][\/vc_row][vc_row css=&#8221;.vc_custom_1437389847662{margin-bottom: 80px !important;padding-top: 40px !important;}&#8221; has_content=&#8221;true&#8221;][vc_column width=&#8221;1\/3&#8243;][vc_empty_space height=&#8221;25px&#8221;][vc_empty_space height=&#8221;40px&#8221;][vc_empty_space height=&#8221;40px&#8221;][\/vc_column][vc_column width=&#8221;1\/3&#8243;][vc_empty_space height=&#8221;25px&#8221;][vc_empty_space height=&#8221;40px&#8221;][vc_empty_space height=&#8221;40px&#8221;][\/vc_column][vc_column width=&#8221;1\/3&#8243; el_class=&#8221;on-top get-a-quote&#8221;][vc_column_text] PE\u00c7A-NOS UM OR\u00c7AMENTO SEM COMPROMISSO [\/vc_column_text][vc_empty_space height=&#8221;15px&#8221;][\/vc_column][\/vc_row][vc_row full_width=&#8221;stretch_row&#8221; has_content=&#8221;inside&#8221; css=&#8221;.vc_custom_1454000452490{padding-top: 80px !important;padding-bottom: 80px !important;background-image: url(https:\/\/www.contab.com.br\/sis\/wp-content\/uploads\/2014\/11\/Home-imgbottom-1.jpg?id=1611) !important;background-position: center !important;background-repeat: no-repeat !important;background-size:&#8230;<\/p>\n","protected":false},"author":2,"featured_media":0,"parent":0,"menu_order":0,"comment_status":"open","ping_status":"open","template":"","meta":{"_joinchat":[],"footnotes":""},"class_list":["post-597","page","type-page","status-publish","hentry"],"yoast_head":"<!-- This site is optimized with the Yoast SEO plugin v27.1.1 - https:\/\/yoast.com\/product\/yoast-seo-wordpress\/ -->\n<title>Home - Contab<\/title>\n<meta name=\"description\" content=\"Contab - Organiza\u00e7\u00e3o T\u00e9cnica de Contabilidade. H\u00e1 mais de 50 anos oferecendo servi\u00e7os de qualidade e seriedade em gest\u00e3o cont\u00e1bil, tribut\u00e1ria, empresarial e pessoal,\" \/>\n<meta name=\"robots\" content=\"index, follow, max-snippet:-1, max-image-preview:large, max-video-preview:-1\" \/>\n<link rel=\"canonical\" href=\"https:\/\/www.contab.com.br\/sis\/\" \/>\n<meta property=\"og:locale\" content=\"pt_BR\" \/>\n<meta property=\"og:type\" content=\"article\" \/>\n<meta property=\"og:title\" content=\"Home - Contab\" \/>\n<meta property=\"og:description\" content=\"Contab - Organiza\u00e7\u00e3o T\u00e9cnica de Contabilidade. H\u00e1 mais de 50 anos oferecendo servi\u00e7os de qualidade e seriedade em gest\u00e3o cont\u00e1bil, tribut\u00e1ria, empresarial e pessoal,\" \/>\n<meta property=\"og:url\" content=\"https:\/\/www.contab.com.br\/sis\/\" \/>\n<meta property=\"og:site_name\" content=\"Contab\" \/>\n<meta property=\"article:publisher\" content=\"https:\/\/www.facebook.com\/contab.tec\" \/>\n<meta property=\"article:modified_time\" content=\"2016-02-05T02:46:00+00:00\" \/>\n<meta name=\"twitter:card\" content=\"summary_large_image\" \/>\n<meta name=\"twitter:label1\" content=\"Est. tempo de leitura\" \/>\n\t<meta name=\"twitter:data1\" content=\"3 minutos\" \/>\n<script type=\"application\/ld+json\" class=\"yoast-schema-graph\">{\"@context\":\"https:\/\/schema.org\",\"@graph\":[{\"@type\":\"WebPage\",\"@id\":\"https:\/\/www.contab.com.br\/sis\/\",\"url\":\"https:\/\/www.contab.com.br\/sis\/\",\"name\":\"Home - Contab\",\"isPartOf\":{\"@id\":\"https:\/\/www.contab.com.br\/sis\/#website\"},\"datePublished\":\"2014-11-11T11:09:47+00:00\",\"dateModified\":\"2016-02-05T02:46:00+00:00\",\"description\":\"Contab - Organiza\u00e7\u00e3o T\u00e9cnica de Contabilidade. H\u00e1 mais de 50 anos oferecendo servi\u00e7os de qualidade e seriedade em gest\u00e3o cont\u00e1bil, tribut\u00e1ria, empresarial e pessoal,\",\"breadcrumb\":{\"@id\":\"https:\/\/www.contab.com.br\/sis\/#breadcrumb\"},\"inLanguage\":\"pt-BR\",\"potentialAction\":[{\"@type\":\"ReadAction\",\"target\":[\"https:\/\/www.contab.com.br\/sis\/\"]}]},{\"@type\":\"BreadcrumbList\",\"@id\":\"https:\/\/www.contab.com.br\/sis\/#breadcrumb\",\"itemListElement\":[{\"@type\":\"ListItem\",\"position\":1,\"name\":\"In\u00edcio\",\"item\":\"https:\/\/www.contab.com.br\/sis\/\"},{\"@type\":\"ListItem\",\"position\":2,\"name\":\"Home\"}]},{\"@type\":\"WebSite\",\"@id\":\"https:\/\/www.contab.com.br\/sis\/#website\",\"url\":\"https:\/\/www.contab.com.br\/sis\/\",\"name\":\"Contab\",\"description\":\"Organiza\u00e7\u00e3o T\u00e9cnica de Contabilidade - Rio de Janeiro\",\"publisher\":{\"@id\":\"https:\/\/www.contab.com.br\/sis\/#organization\"},\"potentialAction\":[{\"@type\":\"SearchAction\",\"target\":{\"@type\":\"EntryPoint\",\"urlTemplate\":\"https:\/\/www.contab.com.br\/sis\/?s={search_term_string}\"},\"query-input\":{\"@type\":\"PropertyValueSpecification\",\"valueRequired\":true,\"valueName\":\"search_term_string\"}}],\"inLanguage\":\"pt-BR\"},{\"@type\":\"Organization\",\"@id\":\"https:\/\/www.contab.com.br\/sis\/#organization\",\"name\":\"Contab - Organiza\u00e7\u00e3o T\u00e9cnica de Contabilidade\",\"url\":\"https:\/\/www.contab.com.br\/sis\/\",\"logo\":{\"@type\":\"ImageObject\",\"inLanguage\":\"pt-BR\",\"@id\":\"https:\/\/www.contab.com.br\/sis\/#\/schema\/logo\/image\/\",\"url\":\"https:\/\/www.contab.com.br\/sis\/wp-content\/uploads\/2016\/01\/LogoContab-ok-1.jpg\",\"contentUrl\":\"https:\/\/www.contab.com.br\/sis\/wp-content\/uploads\/2016\/01\/LogoContab-ok-1.jpg\",\"width\":220,\"height\":150,\"caption\":\"Contab - Organiza\u00e7\u00e3o T\u00e9cnica de Contabilidade\"},\"image\":{\"@id\":\"https:\/\/www.contab.com.br\/sis\/#\/schema\/logo\/image\/\"},\"sameAs\":[\"https:\/\/www.facebook.com\/contab.tec\"]}]}<\/script>\n<!-- \/ Yoast SEO plugin. -->","yoast_head_json":{"title":"Home - Contab","description":"Contab - Organiza\u00e7\u00e3o T\u00e9cnica de Contabilidade. H\u00e1 mais de 50 anos oferecendo servi\u00e7os de qualidade e seriedade em gest\u00e3o cont\u00e1bil, tribut\u00e1ria, empresarial e pessoal,","robots":{"index":"index","follow":"follow","max-snippet":"max-snippet:-1","max-image-preview":"max-image-preview:large","max-video-preview":"max-video-preview:-1"},"canonical":"https:\/\/www.contab.com.br\/sis\/","og_locale":"pt_BR","og_type":"article","og_title":"Home - Contab","og_description":"Contab - Organiza\u00e7\u00e3o T\u00e9cnica de Contabilidade. H\u00e1 mais de 50 anos oferecendo servi\u00e7os de qualidade e seriedade em gest\u00e3o cont\u00e1bil, tribut\u00e1ria, empresarial e pessoal,","og_url":"https:\/\/www.contab.com.br\/sis\/","og_site_name":"Contab","article_publisher":"https:\/\/www.facebook.com\/contab.tec","article_modified_time":"2016-02-05T02:46:00+00:00","twitter_card":"summary_large_image","twitter_misc":{"Est. tempo de leitura":"3 minutos"},"schema":{"@context":"https:\/\/schema.org","@graph":[{"@type":"WebPage","@id":"https:\/\/www.contab.com.br\/sis\/","url":"https:\/\/www.contab.com.br\/sis\/","name":"Home - Contab","isPartOf":{"@id":"https:\/\/www.contab.com.br\/sis\/#website"},"datePublished":"2014-11-11T11:09:47+00:00","dateModified":"2016-02-05T02:46:00+00:00","description":"Contab - Organiza\u00e7\u00e3o T\u00e9cnica de Contabilidade. H\u00e1 mais de 50 anos oferecendo servi\u00e7os de qualidade e seriedade em gest\u00e3o cont\u00e1bil, tribut\u00e1ria, empresarial e pessoal,","breadcrumb":{"@id":"https:\/\/www.contab.com.br\/sis\/#breadcrumb"},"inLanguage":"pt-BR","potentialAction":[{"@type":"ReadAction","target":["https:\/\/www.contab.com.br\/sis\/"]}]},{"@type":"BreadcrumbList","@id":"https:\/\/www.contab.com.br\/sis\/#breadcrumb","itemListElement":[{"@type":"ListItem","position":1,"name":"In\u00edcio","item":"https:\/\/www.contab.com.br\/sis\/"},{"@type":"ListItem","position":2,"name":"Home"}]},{"@type":"WebSite","@id":"https:\/\/www.contab.com.br\/sis\/#website","url":"https:\/\/www.contab.com.br\/sis\/","name":"Contab","description":"Organiza\u00e7\u00e3o T\u00e9cnica de Contabilidade - Rio de Janeiro","publisher":{"@id":"https:\/\/www.contab.com.br\/sis\/#organization"},"potentialAction":[{"@type":"SearchAction","target":{"@type":"EntryPoint","urlTemplate":"https:\/\/www.contab.com.br\/sis\/?s={search_term_string}"},"query-input":{"@type":"PropertyValueSpecification","valueRequired":true,"valueName":"search_term_string"}}],"inLanguage":"pt-BR"},{"@type":"Organization","@id":"https:\/\/www.contab.com.br\/sis\/#organization","name":"Contab - Organiza\u00e7\u00e3o T\u00e9cnica de Contabilidade","url":"https:\/\/www.contab.com.br\/sis\/","logo":{"@type":"ImageObject","inLanguage":"pt-BR","@id":"https:\/\/www.contab.com.br\/sis\/#\/schema\/logo\/image\/","url":"https:\/\/www.contab.com.br\/sis\/wp-content\/uploads\/2016\/01\/LogoContab-ok-1.jpg","contentUrl":"https:\/\/www.contab.com.br\/sis\/wp-content\/uploads\/2016\/01\/LogoContab-ok-1.jpg","width":220,"height":150,"caption":"Contab - Organiza\u00e7\u00e3o T\u00e9cnica de Contabilidade"},"image":{"@id":"https:\/\/www.contab.com.br\/sis\/#\/schema\/logo\/image\/"},"sameAs":["https:\/\/www.facebook.com\/contab.tec"]}]}},"_links":{"self":[{"href":"https:\/\/www.contab.com.br\/sis\/wp-json\/wp\/v2\/pages\/597","targetHints":{"allow":["GET"]}}],"collection":[{"href":"https:\/\/www.contab.com.br\/sis\/wp-json\/wp\/v2\/pages"}],"about":[{"href":"https:\/\/www.contab.com.br\/sis\/wp-json\/wp\/v2\/types\/page"}],"author":[{"embeddable":true,"href":"https:\/\/www.contab.com.br\/sis\/wp-json\/wp\/v2\/users\/2"}],"replies":[{"embeddable":true,"href":"https:\/\/www.contab.com.br\/sis\/wp-json\/wp\/v2\/comments?post=597"}],"version-history":[{"count":16,"href":"https:\/\/www.contab.com.br\/sis\/wp-json\/wp\/v2\/pages\/597\/revisions"}],"predecessor-version":[{"id":1690,"href":"https:\/\/www.contab.com.br\/sis\/wp-json\/wp\/v2\/pages\/597\/revisions\/1690"}],"wp:attachment":[{"href":"https:\/\/www.contab.com.br\/sis\/wp-json\/wp\/v2\/media?parent=597"}],"curies":[{"name":"wp","href":"https:\/\/api.w.org\/{rel}","templated":true}]}}